{"id":930,"date":"2021-04-07T09:32:12","date_gmt":"2021-04-07T07:32:12","guid":{"rendered":"https:\/\/www.lmp-securite.com\/?page_id=930"},"modified":"2023-03-31T11:24:15","modified_gmt":"2023-03-31T09:24:15","slug":"le-thermobachage-par-lmp-securite-permet-la-mise-hors-deau-hors-dair-hors-de-poussieres-grace-au-film-thermoretractable","status":"publish","type":"page","link":"https:\/\/www.lmp-securite.com\/?page_id=930","title":{"rendered":"Thermob\u00e2chage"},"content":{"rendered":"\n<figure class=\"wp-block-image size-large\"><img fetchpriority=\"high\" decoding=\"async\" width=\"1024\" height=\"768\" src=\"https:\/\/www.lmp-securite.com\/wp-content\/uploads\/2021\/04\/alphatex-photo-pretee-1-1-1024x768.jpg\" alt=\"\" class=\"wp-image-935\" srcset=\"https:\/\/www.lmp-securite.com\/wp-content\/uploads\/2021\/04\/alphatex-photo-pretee-1-1-1024x768.jpg 1024w, https:\/\/www.lmp-securite.com\/wp-content\/uploads\/2021\/04\/alphatex-photo-pretee-1-1-300x225.jpg 300w, https:\/\/www.lmp-securite.com\/wp-content\/uploads\/2021\/04\/alphatex-photo-pretee-1-1-768x576.jpg 768w, https:\/\/www.lmp-securite.com\/wp-content\/uploads\/2021\/04\/alphatex-photo-pretee-1-1-1536x1152.jpg 1536w, https:\/\/www.lmp-securite.com\/wp-content\/uploads\/2021\/04\/alphatex-photo-pretee-1-1-2048x1536.jpg 2048w\" sizes=\"(max-width: 1024px) 100vw, 1024px\" \/><figcaption class=\"wp-element-caption\">Le thermob\u00e2chage par LMP S\u00e9curit\u00e9 permet la mise<strong> hors d&rsquo;eau<\/strong>, <strong>hors d&rsquo;air<\/strong>, <strong>hors de poussi\u00e8re<\/strong>. C&rsquo;est ainsi que l&rsquo;on pourrait sch\u00e9matiser les b\u00e9n\u00e9fices du thermob\u00e2chage. En effet le film poly\u00e9thyl\u00e8ne, <strong>thermor\u00e9tractable<\/strong>, permet l\u2019<strong>isolement<\/strong> et le <strong>confinement total<\/strong> <strong>de longue dur\u00e9e<\/strong>, ainsi que la <strong>protection<\/strong> et l\u2019<strong>\u00e9tanch\u00e9ification<\/strong> parfaite de la zone de chantier. C&rsquo;est la garantie de pouvoir effectuer ses travaux <strong>en toute s\u00e9curit\u00e9<\/strong>.<br><br><br> La technologie du thermob\u00e2chage permet d<strong>&lsquo;innombrables applications<\/strong>.<br><br>C&rsquo;est pourquoi LMP S\u00e9curit\u00e9 intervient sur tous les domaines possibles :<br>&#8211; les mises <strong>hors gel et d&rsquo;eau des chantiers en r\u00e9novation<\/strong>,<br> &#8211; la <strong>r\u00e9fection d&rsquo;ouvrages d&rsquo;art<\/strong>, <br> &#8211; les <strong>mises hors de poussi\u00e8re<\/strong> (int\u00e9rieur comme ext\u00e9rieur) notamment des \u00e9tablissements recevant du public. <br><br>A ces b\u00e9n\u00e9fices il ne faut pas oublier d&rsquo;y inclure l&rsquo;<strong>emballage de mat\u00e9riel<\/strong>, des <strong>machines-outils destin\u00e9es \u00e0 l&rsquo;export<\/strong>, <strong>l&rsquo;hivernage<\/strong> etc.<\/figcaption><\/figure>\n\n\n\n<p><\/p>\n\n\n\n<p><\/p>\n\n\n\n<figure class=\"wp-block-image size-large\"><img decoding=\"async\" width=\"1024\" height=\"768\" src=\"https:\/\/www.lmp-securite.com\/wp-content\/uploads\/2021\/04\/alphatex-photo-pretee-4-1-1024x768.jpg\" alt=\"\" class=\"wp-image-936\" srcset=\"https:\/\/www.lmp-securite.com\/wp-content\/uploads\/2021\/04\/alphatex-photo-pretee-4-1-1024x768.jpg 1024w, https:\/\/www.lmp-securite.com\/wp-content\/uploads\/2021\/04\/alphatex-photo-pretee-4-1-300x225.jpg 300w, https:\/\/www.lmp-securite.com\/wp-content\/uploads\/2021\/04\/alphatex-photo-pretee-4-1-768x576.jpg 768w, https:\/\/www.lmp-securite.com\/wp-content\/uploads\/2021\/04\/alphatex-photo-pretee-4-1-1536x1152.jpg 1536w, https:\/\/www.lmp-securite.com\/wp-content\/uploads\/2021\/04\/alphatex-photo-pretee-4-1-2048x1536.jpg 2048w\" sizes=\"(max-width: 1024px) 100vw, 1024px\" \/><figcaption class=\"wp-element-caption\"><strong>Le saviez-vous?<\/strong> L\u2019industrie navale est celle qui a inspir\u00e9 cette nouvelle technologie du thermob\u00e2chage. C&rsquo;est par ce biais que les bateaux, de petits ou de grandes tailles, sont recouverts d\u2019un film thermor\u00e9tractable. &nbsp;<br>Cette technologie a \u00e9t\u00e9 reprise dans le domaine du b\u00e2timent pour les travaux de <a href=\"https:\/\/fr.wikipedia.org\/wiki\/D%C3%A9samiantage\">d\u00e9samiantage<\/a> ainsi qu\u2019en industrie nucl\u00e9aire.<\/figcaption><\/figure>\n\n\n\n<figure class=\"wp-block-image size-large\"><img decoding=\"async\" width=\"1024\" height=\"768\" src=\"https:\/\/www.lmp-securite.com\/wp-content\/uploads\/2021\/04\/alphatex-photo-pretee-3-1-1024x768.jpg\" alt=\"\" class=\"wp-image-937\" srcset=\"https:\/\/www.lmp-securite.com\/wp-content\/uploads\/2021\/04\/alphatex-photo-pretee-3-1-1024x768.jpg 1024w, https:\/\/www.lmp-securite.com\/wp-content\/uploads\/2021\/04\/alphatex-photo-pretee-3-1-300x225.jpg 300w, https:\/\/www.lmp-securite.com\/wp-content\/uploads\/2021\/04\/alphatex-photo-pretee-3-1-768x576.jpg 768w, https:\/\/www.lmp-securite.com\/wp-content\/uploads\/2021\/04\/alphatex-photo-pretee-3-1-1536x1152.jpg 1536w, https:\/\/www.lmp-securite.com\/wp-content\/uploads\/2021\/04\/alphatex-photo-pretee-3-1-2048x1536.jpg 2048w\" sizes=\"(max-width: 1024px) 100vw, 1024px\" \/><figcaption class=\"wp-element-caption\">Le thermob\u00e2chage par LMP S\u00e9curit\u00e9 : le film utilis\u00e9 par LMP S\u00e9curit\u00e9 est fabriqu\u00e9 \u00e0 base de <strong>poly\u00e9thyl\u00e8ne<\/strong>. Celui-ci ne contient <strong>aucune substance nocive<\/strong> et est <strong>recyclable<\/strong>. Un traitement anti UV y est effectu\u00e9 \u00e0 l\u2019aide d\u2019un antioxydant ainsi que des additifs pour la r\u00e9sistance contre le feu.<\/figcaption><\/figure>\n\n\n\n<figure class=\"wp-block-image size-large\"><img loading=\"lazy\" decoding=\"async\" width=\"1024\" height=\"768\" src=\"https:\/\/www.lmp-securite.com\/wp-content\/uploads\/2021\/04\/alphatex-photo-pretee-2-1-1024x768.jpg\" alt=\"\" class=\"wp-image-938\" srcset=\"https:\/\/www.lmp-securite.com\/wp-content\/uploads\/2021\/04\/alphatex-photo-pretee-2-1-1024x768.jpg 1024w, https:\/\/www.lmp-securite.com\/wp-content\/uploads\/2021\/04\/alphatex-photo-pretee-2-1-300x225.jpg 300w, https:\/\/www.lmp-securite.com\/wp-content\/uploads\/2021\/04\/alphatex-photo-pretee-2-1-768x576.jpg 768w, https:\/\/www.lmp-securite.com\/wp-content\/uploads\/2021\/04\/alphatex-photo-pretee-2-1-1536x1152.jpg 1536w, https:\/\/www.lmp-securite.com\/wp-content\/uploads\/2021\/04\/alphatex-photo-pretee-2-1-2048x1536.jpg 2048w\" sizes=\"(max-width: 1024px) 100vw, 1024px\" \/><figcaption class=\"wp-element-caption\"><strong>POUR EN SAVOIR PLUS<\/strong><br>Pour toutes vos probl\u00e9matiques de chantier, que ce soit en termes de protection d\u2019\u00e9chafaudage, de protection des fa\u00e7ades, de protection de confinement, de protection amiante et bien s\u00fbr de mise en s\u00e9curit\u00e9&nbsp;: <strong><a href=\"https:\/\/www.lmp-securite.com\/contactez-nous\/\">n\u2019h\u00e9sitez pas \u00e0 nous contacter<\/a>.<\/strong><\/figcaption><\/figure>\n\n\n\n<p><\/p>\n","protected":false},"excerpt":{"rendered":"","protected":false},"author":3,"featured_media":932,"parent":8,"menu_order":0,"comment_status":"closed","ping_status":"closed","template":"","meta":[],"yoast_head":"<!-- This site is optimized with the Yoast SEO plugin v20.4 - https:\/\/yoast.com\/wordpress\/plugins\/seo\/ -->\n<title>Le thermob\u00e2chage par LMP S\u00e9curit\u00e9<\/title>\n<meta name=\"description\" content=\"Le thermob\u00e2chage par LMP S\u00e9curit\u00e9 permet la mise hors d&#039;eau, hors d&#039;air, hors de poussi\u00e8re gr\u00e2ce au film thermor\u00e9tractable.\" \/>\n<meta name=\"robots\" content=\"index, follow, max-snippet:-1, max-image-preview:large, max-video-preview:-1\" \/>\n<link rel=\"canonical\" href=\"https:\/\/www.lmp-securite.com\/accueil-site-lmp-securite-filets-de-securite-thermobachage-fabrication-location-pose-ventes-securisation-du-travail-en-hauteur\/le-thermobachage-par-lmp-securite-permet-la-mise-hors-deau-hors-dair-hors-de-poussieres-grace-au-film-thermoretractable\/\" \/>\n<meta property=\"og:locale\" content=\"fr_FR\" \/>\n<meta property=\"og:type\" content=\"article\" \/>\n<meta property=\"og:title\" content=\"Le thermob\u00e2chage par LMP S\u00e9curit\u00e9\" \/>\n<meta property=\"og:description\" content=\"Le thermob\u00e2chage par LMP S\u00e9curit\u00e9 permet la mise hors d&#039;eau, hors d&#039;air, hors de poussi\u00e8re gr\u00e2ce au film thermor\u00e9tractable.\" \/>\n<meta property=\"og:url\" content=\"https:\/\/www.lmp-securite.com\/accueil-site-lmp-securite-filets-de-securite-thermobachage-fabrication-location-pose-ventes-securisation-du-travail-en-hauteur\/le-thermobachage-par-lmp-securite-permet-la-mise-hors-deau-hors-dair-hors-de-poussieres-grace-au-film-thermoretractable\/\" \/>\n<meta property=\"og:site_name\" content=\"Lmp S\u00e9curit\u00e9\" \/>\n<meta property=\"article:publisher\" content=\"https:\/\/www.facebook.com\/LMPsecurite\" \/>\n<meta property=\"article:modified_time\" content=\"2023-03-31T09:24:15+00:00\" \/>\n<meta property=\"og:image\" content=\"https:\/\/www.lmp-securite.com\/wp-content\/uploads\/2021\/04\/alphatex-photo-pretee-2-scaled.jpg\" \/>\n\t<meta property=\"og:image:width\" content=\"2560\" \/>\n\t<meta property=\"og:image:height\" content=\"1920\" \/>\n\t<meta property=\"og:image:type\" content=\"image\/jpeg\" \/>\n<meta name=\"twitter:card\" content=\"summary_large_image\" \/>\n<meta name=\"twitter:site\" content=\"@LmpSecurite\" \/>\n<meta name=\"twitter:label1\" content=\"Dur\u00e9e de lecture estim\u00e9e\" \/>\n\t<meta name=\"twitter:data1\" content=\"3 minutes\" \/>\n<script type=\"application\/ld+json\" class=\"yoast-schema-graph\">{\"@context\":\"https:\/\/schema.org\",\"@graph\":[{\"@type\":\"WebPage\",\"@id\":\"https:\/\/www.lmp-securite.com\/accueil-site-lmp-securite-filets-de-securite-thermobachage-fabrication-location-pose-ventes-securisation-du-travail-en-hauteur\/le-thermobachage-par-lmp-securite-permet-la-mise-hors-deau-hors-dair-hors-de-poussieres-grace-au-film-thermoretractable\/\",\"url\":\"https:\/\/www.lmp-securite.com\/accueil-site-lmp-securite-filets-de-securite-thermobachage-fabrication-location-pose-ventes-securisation-du-travail-en-hauteur\/le-thermobachage-par-lmp-securite-permet-la-mise-hors-deau-hors-dair-hors-de-poussieres-grace-au-film-thermoretractable\/\",\"name\":\"Le thermob\u00e2chage par LMP S\u00e9curit\u00e9\",\"isPartOf\":{\"@id\":\"https:\/\/www.lmp-securite.com\/#website\"},\"datePublished\":\"2021-04-07T07:32:12+00:00\",\"dateModified\":\"2023-03-31T09:24:15+00:00\",\"description\":\"Le thermob\u00e2chage par LMP S\u00e9curit\u00e9 permet la mise hors d'eau, hors d'air, hors de poussi\u00e8re gr\u00e2ce au film thermor\u00e9tractable.\",\"breadcrumb\":{\"@id\":\"https:\/\/www.lmp-securite.com\/accueil-site-lmp-securite-filets-de-securite-thermobachage-fabrication-location-pose-ventes-securisation-du-travail-en-hauteur\/le-thermobachage-par-lmp-securite-permet-la-mise-hors-deau-hors-dair-hors-de-poussieres-grace-au-film-thermoretractable\/#breadcrumb\"},\"inLanguage\":\"fr-FR\",\"potentialAction\":[{\"@type\":\"ReadAction\",\"target\":[\"https:\/\/www.lmp-securite.com\/accueil-site-lmp-securite-filets-de-securite-thermobachage-fabrication-location-pose-ventes-securisation-du-travail-en-hauteur\/le-thermobachage-par-lmp-securite-permet-la-mise-hors-deau-hors-dair-hors-de-poussieres-grace-au-film-thermoretractable\/\"]}]},{\"@type\":\"BreadcrumbList\",\"@id\":\"https:\/\/www.lmp-securite.com\/accueil-site-lmp-securite-filets-de-securite-thermobachage-fabrication-location-pose-ventes-securisation-du-travail-en-hauteur\/le-thermobachage-par-lmp-securite-permet-la-mise-hors-deau-hors-dair-hors-de-poussieres-grace-au-film-thermoretractable\/#breadcrumb\",\"itemListElement\":[{\"@type\":\"ListItem\",\"position\":1,\"name\":\"Accueil\",\"item\":\"https:\/\/www.lmp-securite.com\/\"},{\"@type\":\"ListItem\",\"position\":2,\"name\":\"Accueil\",\"item\":\"https:\/\/www.lmp-securite.com\/\"},{\"@type\":\"ListItem\",\"position\":3,\"name\":\"Thermob\u00e2chage\"}]},{\"@type\":\"WebSite\",\"@id\":\"https:\/\/www.lmp-securite.com\/#website\",\"url\":\"https:\/\/www.lmp-securite.com\/\",\"name\":\"Lmp S\u00e9curit\u00e9\",\"description\":\"Filets de s\u00e9curit\u00e9\",\"publisher\":{\"@id\":\"https:\/\/www.lmp-securite.com\/#organization\"},\"potentialAction\":[{\"@type\":\"SearchAction\",\"target\":{\"@type\":\"EntryPoint\",\"urlTemplate\":\"https:\/\/www.lmp-securite.com\/?s={search_term_string}\"},\"query-input\":\"required name=search_term_string\"}],\"inLanguage\":\"fr-FR\"},{\"@type\":\"Organization\",\"@id\":\"https:\/\/www.lmp-securite.com\/#organization\",\"name\":\"LMP S\u00e9curit\u00e9\",\"url\":\"https:\/\/www.lmp-securite.com\/\",\"logo\":{\"@type\":\"ImageObject\",\"inLanguage\":\"fr-FR\",\"@id\":\"https:\/\/www.lmp-securite.com\/#\/schema\/logo\/image\/\",\"url\":\"https:\/\/www.lmp-securite.com\/wp-content\/uploads\/2021\/04\/LMP-modernise-compresse-pour-internet.png\",\"contentUrl\":\"https:\/\/www.lmp-securite.com\/wp-content\/uploads\/2021\/04\/LMP-modernise-compresse-pour-internet.png\",\"width\":6000,\"height\":4000,\"caption\":\"LMP S\u00e9curit\u00e9\"},\"image\":{\"@id\":\"https:\/\/www.lmp-securite.com\/#\/schema\/logo\/image\/\"},\"sameAs\":[\"https:\/\/www.facebook.com\/LMPsecurite\",\"https:\/\/twitter.com\/LmpSecurite\",\"https:\/\/www.instagram.com\/lmpsecurite\/\",\"https:\/\/www.linkedin.com\/company\/lmp-s\u00e9curit\u00e9\",\"https:\/\/www.youtube.com\/channel\/UCWk6fDe4a1UJE60gIvAml_w\"]}]}<\/script>\n<!-- \/ Yoast SEO plugin. -->","yoast_head_json":{"title":"Le thermob\u00e2chage par LMP S\u00e9curit\u00e9","description":"Le thermob\u00e2chage par LMP S\u00e9curit\u00e9 permet la mise hors d'eau, hors d'air, hors de poussi\u00e8re gr\u00e2ce au film thermor\u00e9tractable.","robots":{"index":"index","follow":"follow","max-snippet":"max-snippet:-1","max-image-preview":"max-image-preview:large","max-video-preview":"max-video-preview:-1"},"canonical":"https:\/\/www.lmp-securite.com\/accueil-site-lmp-securite-filets-de-securite-thermobachage-fabrication-location-pose-ventes-securisation-du-travail-en-hauteur\/le-thermobachage-par-lmp-securite-permet-la-mise-hors-deau-hors-dair-hors-de-poussieres-grace-au-film-thermoretractable\/","og_locale":"fr_FR","og_type":"article","og_title":"Le thermob\u00e2chage par LMP S\u00e9curit\u00e9","og_description":"Le thermob\u00e2chage par LMP S\u00e9curit\u00e9 permet la mise hors d'eau, hors d'air, hors de poussi\u00e8re gr\u00e2ce au film thermor\u00e9tractable.","og_url":"https:\/\/www.lmp-securite.com\/accueil-site-lmp-securite-filets-de-securite-thermobachage-fabrication-location-pose-ventes-securisation-du-travail-en-hauteur\/le-thermobachage-par-lmp-securite-permet-la-mise-hors-deau-hors-dair-hors-de-poussieres-grace-au-film-thermoretractable\/","og_site_name":"Lmp S\u00e9curit\u00e9","article_publisher":"https:\/\/www.facebook.com\/LMPsecurite","article_modified_time":"2023-03-31T09:24:15+00:00","og_image":[{"width":2560,"height":1920,"url":"https:\/\/www.lmp-securite.com\/wp-content\/uploads\/2021\/04\/alphatex-photo-pretee-2-scaled.jpg","type":"image\/jpeg"}],"twitter_card":"summary_large_image","twitter_site":"@LmpSecurite","twitter_misc":{"Dur\u00e9e de lecture estim\u00e9e":"3 minutes"},"schema":{"@context":"https:\/\/schema.org","@graph":[{"@type":"WebPage","@id":"https:\/\/www.lmp-securite.com\/accueil-site-lmp-securite-filets-de-securite-thermobachage-fabrication-location-pose-ventes-securisation-du-travail-en-hauteur\/le-thermobachage-par-lmp-securite-permet-la-mise-hors-deau-hors-dair-hors-de-poussieres-grace-au-film-thermoretractable\/","url":"https:\/\/www.lmp-securite.com\/accueil-site-lmp-securite-filets-de-securite-thermobachage-fabrication-location-pose-ventes-securisation-du-travail-en-hauteur\/le-thermobachage-par-lmp-securite-permet-la-mise-hors-deau-hors-dair-hors-de-poussieres-grace-au-film-thermoretractable\/","name":"Le thermob\u00e2chage par LMP S\u00e9curit\u00e9","isPartOf":{"@id":"https:\/\/www.lmp-securite.com\/#website"},"datePublished":"2021-04-07T07:32:12+00:00","dateModified":"2023-03-31T09:24:15+00:00","description":"Le thermob\u00e2chage par LMP S\u00e9curit\u00e9 permet la mise hors d'eau, hors d'air, hors de poussi\u00e8re gr\u00e2ce au film thermor\u00e9tractable.","breadcrumb":{"@id":"https:\/\/www.lmp-securite.com\/accueil-site-lmp-securite-filets-de-securite-thermobachage-fabrication-location-pose-ventes-securisation-du-travail-en-hauteur\/le-thermobachage-par-lmp-securite-permet-la-mise-hors-deau-hors-dair-hors-de-poussieres-grace-au-film-thermoretractable\/#breadcrumb"},"inLanguage":"fr-FR","potentialAction":[{"@type":"ReadAction","target":["https:\/\/www.lmp-securite.com\/accueil-site-lmp-securite-filets-de-securite-thermobachage-fabrication-location-pose-ventes-securisation-du-travail-en-hauteur\/le-thermobachage-par-lmp-securite-permet-la-mise-hors-deau-hors-dair-hors-de-poussieres-grace-au-film-thermoretractable\/"]}]},{"@type":"BreadcrumbList","@id":"https:\/\/www.lmp-securite.com\/accueil-site-lmp-securite-filets-de-securite-thermobachage-fabrication-location-pose-ventes-securisation-du-travail-en-hauteur\/le-thermobachage-par-lmp-securite-permet-la-mise-hors-deau-hors-dair-hors-de-poussieres-grace-au-film-thermoretractable\/#breadcrumb","itemListElement":[{"@type":"ListItem","position":1,"name":"Accueil","item":"https:\/\/www.lmp-securite.com\/"},{"@type":"ListItem","position":2,"name":"Accueil","item":"https:\/\/www.lmp-securite.com\/"},{"@type":"ListItem","position":3,"name":"Thermob\u00e2chage"}]},{"@type":"WebSite","@id":"https:\/\/www.lmp-securite.com\/#website","url":"https:\/\/www.lmp-securite.com\/","name":"Lmp S\u00e9curit\u00e9","description":"Filets de s\u00e9curit\u00e9","publisher":{"@id":"https:\/\/www.lmp-securite.com\/#organization"},"potentialAction":[{"@type":"SearchAction","target":{"@type":"EntryPoint","urlTemplate":"https:\/\/www.lmp-securite.com\/?s={search_term_string}"},"query-input":"required name=search_term_string"}],"inLanguage":"fr-FR"},{"@type":"Organization","@id":"https:\/\/www.lmp-securite.com\/#organization","name":"LMP S\u00e9curit\u00e9","url":"https:\/\/www.lmp-securite.com\/","logo":{"@type":"ImageObject","inLanguage":"fr-FR","@id":"https:\/\/www.lmp-securite.com\/#\/schema\/logo\/image\/","url":"https:\/\/www.lmp-securite.com\/wp-content\/uploads\/2021\/04\/LMP-modernise-compresse-pour-internet.png","contentUrl":"https:\/\/www.lmp-securite.com\/wp-content\/uploads\/2021\/04\/LMP-modernise-compresse-pour-internet.png","width":6000,"height":4000,"caption":"LMP S\u00e9curit\u00e9"},"image":{"@id":"https:\/\/www.lmp-securite.com\/#\/schema\/logo\/image\/"},"sameAs":["https:\/\/www.facebook.com\/LMPsecurite","https:\/\/twitter.com\/LmpSecurite","https:\/\/www.instagram.com\/lmpsecurite\/","https:\/\/www.linkedin.com\/company\/lmp-s\u00e9curit\u00e9","https:\/\/www.youtube.com\/channel\/UCWk6fDe4a1UJE60gIvAml_w"]}]}},"_links":{"self":[{"href":"https:\/\/www.lmp-securite.com\/index.php?rest_route=\/wp\/v2\/pages\/930"}],"collection":[{"href":"https:\/\/www.lmp-securite.com\/index.php?rest_route=\/wp\/v2\/pages"}],"about":[{"href":"https:\/\/www.lmp-securite.com\/index.php?rest_route=\/wp\/v2\/types\/page"}],"author":[{"embeddable":true,"href":"https:\/\/www.lmp-securite.com\/index.php?rest_route=\/wp\/v2\/users\/3"}],"replies":[{"embeddable":true,"href":"https:\/\/www.lmp-securite.com\/index.php?rest_route=%2Fwp%2Fv2%2Fcomments&post=930"}],"version-history":[{"count":1,"href":"https:\/\/www.lmp-securite.com\/index.php?rest_route=\/wp\/v2\/pages\/930\/revisions"}],"predecessor-version":[{"id":1822,"href":"https:\/\/www.lmp-securite.com\/index.php?rest_route=\/wp\/v2\/pages\/930\/revisions\/1822"}],"up":[{"embeddable":true,"href":"https:\/\/www.lmp-securite.com\/index.php?rest_route=\/wp\/v2\/pages\/8"}],"wp:featuredmedia":[{"embeddable":true,"href":"https:\/\/www.lmp-securite.com\/index.php?rest_route=\/wp\/v2\/media\/932"}],"wp:attachment":[{"href":"https:\/\/www.lmp-securite.com\/index.php?rest_route=%2Fwp%2Fv2%2Fmedia&parent=930"}],"curies":[{"name":"wp","href":"https:\/\/api.w.org\/{rel}","templated":true}]}}