{"id":8,"date":"2019-04-22T13:03:00","date_gmt":"2019-04-22T11:03:00","guid":{"rendered":"http:\/\/www.lmp-securite.com\/?page_id=8"},"modified":"2023-03-31T11:12:04","modified_gmt":"2023-03-31T09:12:04","slug":"accueil-site-lmp-securite-filets-de-securite-thermobachage-fabrication-location-pose-ventes-securisation-du-travail-en-hauteur","status":"publish","type":"page","link":"https:\/\/www.lmp-securite.com\/","title":{"rendered":"Accueil"},"content":{"rendered":"\n<p>Accueil site LMP S\u00e9curit\u00e9 : Filets-de-s\u00e9curit\u00e9, thermob\u00e2chage, fabrication, location, pose, ventes, <a href=\"https:\/\/travail-emploi.gouv.fr\/sante-au-travail\/prevention-des-risques-pour-la-sante-au-travail\/autres-dangers-et-risques\/article\/chutes-de-hauteur#:~:text=La%20chute%20de%20hauteur%20se,%2C%20fosses%2C%20etc.).\">s\u00e9curisation du travail en hauteur<\/a>.<\/p>\n\n\n\n<p>Depuis pr\u00e8s de 35 ans, LMP S\u00e9curit\u00e9 assure la mise en s\u00e9curit\u00e9 compl\u00e8te des b\u00e2timents, neufs ou existants.<br>Notre exp\u00e9rience nous permet de prendre en charge la s\u00e9curit\u00e9, l\u2019\u00e9tude de faisabilit\u00e9 et l\u2019installation mais aussi l\u2019entretien et la maintenance.&nbsp;<\/p>\n\n\n\n<p>Implant\u00e9s \u00e0 Barbezieux en Charente, nous sommes fabricants et installateurs de dispositifs de <strong>s\u00e9curit\u00e9<\/strong> collective et <strong>individuelle<\/strong> pour le <strong>travail en hauteur<\/strong>. En effet, celui-ci impose des <a href=\"https:\/\/www.lmp-securite.com\/lmp-la-meilleure-protection-securite-travail-en-hauteur-filets-de-securite-thermobachage\/la-reglementation\/\">normes<\/a> de s\u00e9curit\u00e9 \u00e9lev\u00e9es. Ceci afin de prot\u00e9ger chaque travailleur pr\u00e9sent sur le chantier. Nous participons \u00e0 la mise en \u0153uvre de cette s\u00e9curit\u00e9 en hauteur en proposant <a href=\"https:\/\/www.lmp-securite.com\/lmp-la-meilleure-protection-securite-travail-en-hauteur-filets-de-securite-thermobachage\/prestations-filets-de-securite-thermobachage-fabrication-pose-vente-batiments-neufs-renovations\/\">diff\u00e9rentes solutions<\/a>.<\/p>\n\n\n\n<p>Accueil site LMP S\u00e9curit\u00e9 : D\u2019abord entreprise de location de filets de s\u00e9curit\u00e9, LMP S\u00e9curit\u00e9 a \u00e9volu\u00e9 au fil des ann\u00e9es et des besoins des entreprises. C&rsquo;est pourquoi LMP S\u00e9curit\u00e9 a \u00e9volu\u00e9 vers la fabrication de ses propres produits. Dans ce but nous avons cr\u00e9\u00e9 un atelier de fabrication de filets.&nbsp; Ainsi tous nos produits sont certifi\u00e9s et conformes aux normes en vigueur. Depuis 2021 LMP S\u00e9curit\u00e9 met \u00e9galement \u00e0 votre disposition la technologie du <a href=\"https:\/\/www.lmp-securite.com\/accueil-site-lmp-securite-filets-de-securite-thermobachage-fabrication-location-pose-ventes-securisation-du-travail-en-hauteur\/le-thermobachage-par-lmp-securite-permet-la-mise-hors-deau-hors-dair-hors-de-poussieres-grace-au-film-thermoretractable\/\">thermob\u00e2chage<\/a>.<\/p>\n\n\n\n<p>Gr\u00e2ce \u00e0 notre bureau d\u2019\u00e9tude, nous vous assurons un r\u00f4le d\u2019audit et de conseil dans votre d\u00e9marche de s\u00e9curisation de vos b\u00e2timents.<\/p>\n\n\n\n<p>Faites confiance \u00e0 LMP S\u00e9curit\u00e9, sp\u00e9cialiste de la fabrication de filets de s\u00e9curit\u00e9 pour prendre en charge <a href=\"https:\/\/www.lmp-securite.com\/contactez-nous\/\">votre projet<\/a>.<\/p>\n","protected":false},"excerpt":{"rendered":"<p>Accueil site LMP S\u00e9curit\u00e9 : Filets-de-s\u00e9curit\u00e9, thermob\u00e2chage, fabrication, location, pose, ventes, s\u00e9curisation du travail en hauteur. Depuis pr\u00e8s de 35 ans, LMP S\u00e9curit\u00e9 assure la mise en s\u00e9curit\u00e9 compl\u00e8te des b\u00e2timents, neufs ou existants.Notre exp\u00e9rience nous permet de prendre en charge la s\u00e9curit\u00e9, l\u2019\u00e9tude de faisabilit\u00e9 et l\u2019installation mais aussi l\u2019entretien et la maintenance.&nbsp; Implant\u00e9s [&hellip;]<\/p>\n","protected":false},"author":1,"featured_media":341,"parent":0,"menu_order":0,"comment_status":"closed","ping_status":"open","template":"page-home.php","meta":[],"yoast_head":"<!-- This site is optimized with the Yoast SEO plugin v20.4 - https:\/\/yoast.com\/wordpress\/plugins\/seo\/ -->\n<title>Accueil site LMP S\u00e9curit\u00e9<\/title>\n<meta name=\"description\" content=\"Accueil site LMP S\u00e9curit\u00e9 : Filets-de-s\u00e9curit\u00e9, thermob\u00e2chage, fabrication, location, pose, ventes, s\u00e9curisation du travail en hauteur.\" \/>\n<meta name=\"robots\" content=\"index, follow, max-snippet:-1, max-image-preview:large, max-video-preview:-1\" \/>\n<link rel=\"canonical\" href=\"https:\/\/www.lmp-securite.com\/\" \/>\n<meta property=\"og:locale\" content=\"fr_FR\" \/>\n<meta property=\"og:type\" content=\"article\" \/>\n<meta property=\"og:title\" content=\"Accueil site LMP S\u00e9curit\u00e9\" \/>\n<meta property=\"og:description\" content=\"Accueil site LMP S\u00e9curit\u00e9 : Filets-de-s\u00e9curit\u00e9, thermob\u00e2chage, fabrication, location, pose, ventes, s\u00e9curisation du travail en hauteur.\" \/>\n<meta property=\"og:url\" content=\"https:\/\/www.lmp-securite.com\/\" \/>\n<meta property=\"og:site_name\" content=\"Lmp S\u00e9curit\u00e9\" \/>\n<meta property=\"article:publisher\" content=\"https:\/\/www.facebook.com\/LMPsecurite\" \/>\n<meta property=\"article:modified_time\" content=\"2023-03-31T09:12:04+00:00\" \/>\n<meta property=\"og:image\" content=\"https:\/\/www.lmp-securite.com\/wp-content\/uploads\/2020\/02\/pose-filet-2.jpg\" \/>\n\t<meta property=\"og:image:width\" content=\"1536\" \/>\n\t<meta property=\"og:image:height\" content=\"2048\" \/>\n\t<meta property=\"og:image:type\" content=\"image\/jpeg\" \/>\n<meta name=\"twitter:card\" content=\"summary_large_image\" \/>\n<meta name=\"twitter:site\" content=\"@LmpSecurite\" \/>\n<meta name=\"twitter:label1\" content=\"Dur\u00e9e de lecture estim\u00e9e\" \/>\n\t<meta name=\"twitter:data1\" content=\"2 minutes\" \/>\n<script type=\"application\/ld+json\" class=\"yoast-schema-graph\">{\"@context\":\"https:\/\/schema.org\",\"@graph\":[{\"@type\":\"WebPage\",\"@id\":\"https:\/\/www.lmp-securite.com\/\",\"url\":\"https:\/\/www.lmp-securite.com\/\",\"name\":\"Accueil site LMP S\u00e9curit\u00e9\",\"isPartOf\":{\"@id\":\"https:\/\/www.lmp-securite.com\/#website\"},\"datePublished\":\"2019-04-22T11:03:00+00:00\",\"dateModified\":\"2023-03-31T09:12:04+00:00\",\"description\":\"Accueil site LMP S\u00e9curit\u00e9 : Filets-de-s\u00e9curit\u00e9, thermob\u00e2chage, fabrication, location, pose, ventes, s\u00e9curisation du travail en hauteur.\",\"breadcrumb\":{\"@id\":\"https:\/\/www.lmp-securite.com\/#breadcrumb\"},\"inLanguage\":\"fr-FR\",\"potentialAction\":[{\"@type\":\"ReadAction\",\"target\":[\"https:\/\/www.lmp-securite.com\/\"]}]},{\"@type\":\"BreadcrumbList\",\"@id\":\"https:\/\/www.lmp-securite.com\/#breadcrumb\",\"itemListElement\":[{\"@type\":\"ListItem\",\"position\":1,\"name\":\"Accueil\",\"item\":\"https:\/\/www.lmp-securite.com\/\"},{\"@type\":\"ListItem\",\"position\":2,\"name\":\"Accueil\"}]},{\"@type\":\"WebSite\",\"@id\":\"https:\/\/www.lmp-securite.com\/#website\",\"url\":\"https:\/\/www.lmp-securite.com\/\",\"name\":\"Lmp S\u00e9curit\u00e9\",\"description\":\"Filets de s\u00e9curit\u00e9\",\"publisher\":{\"@id\":\"https:\/\/www.lmp-securite.com\/#organization\"},\"potentialAction\":[{\"@type\":\"SearchAction\",\"target\":{\"@type\":\"EntryPoint\",\"urlTemplate\":\"https:\/\/www.lmp-securite.com\/?s={search_term_string}\"},\"query-input\":\"required name=search_term_string\"}],\"inLanguage\":\"fr-FR\"},{\"@type\":\"Organization\",\"@id\":\"https:\/\/www.lmp-securite.com\/#organization\",\"name\":\"LMP S\u00e9curit\u00e9\",\"url\":\"https:\/\/www.lmp-securite.com\/\",\"logo\":{\"@type\":\"ImageObject\",\"inLanguage\":\"fr-FR\",\"@id\":\"https:\/\/www.lmp-securite.com\/#\/schema\/logo\/image\/\",\"url\":\"https:\/\/www.lmp-securite.com\/wp-content\/uploads\/2021\/04\/LMP-modernise-compresse-pour-internet.png\",\"contentUrl\":\"https:\/\/www.lmp-securite.com\/wp-content\/uploads\/2021\/04\/LMP-modernise-compresse-pour-internet.png\",\"width\":6000,\"height\":4000,\"caption\":\"LMP S\u00e9curit\u00e9\"},\"image\":{\"@id\":\"https:\/\/www.lmp-securite.com\/#\/schema\/logo\/image\/\"},\"sameAs\":[\"https:\/\/www.facebook.com\/LMPsecurite\",\"https:\/\/twitter.com\/LmpSecurite\",\"https:\/\/www.instagram.com\/lmpsecurite\/\",\"https:\/\/www.linkedin.com\/company\/lmp-s\u00e9curit\u00e9\",\"https:\/\/www.youtube.com\/channel\/UCWk6fDe4a1UJE60gIvAml_w\"]}]}<\/script>\n<!-- \/ Yoast SEO plugin. -->","yoast_head_json":{"title":"Accueil site LMP S\u00e9curit\u00e9","description":"Accueil site LMP S\u00e9curit\u00e9 : Filets-de-s\u00e9curit\u00e9, thermob\u00e2chage, fabrication, location, pose, ventes, s\u00e9curisation du travail en hauteur.","robots":{"index":"index","follow":"follow","max-snippet":"max-snippet:-1","max-image-preview":"max-image-preview:large","max-video-preview":"max-video-preview:-1"},"canonical":"https:\/\/www.lmp-securite.com\/","og_locale":"fr_FR","og_type":"article","og_title":"Accueil site LMP S\u00e9curit\u00e9","og_description":"Accueil site LMP S\u00e9curit\u00e9 : Filets-de-s\u00e9curit\u00e9, thermob\u00e2chage, fabrication, location, pose, ventes, s\u00e9curisation du travail en hauteur.","og_url":"https:\/\/www.lmp-securite.com\/","og_site_name":"Lmp S\u00e9curit\u00e9","article_publisher":"https:\/\/www.facebook.com\/LMPsecurite","article_modified_time":"2023-03-31T09:12:04+00:00","og_image":[{"width":1536,"height":2048,"url":"https:\/\/www.lmp-securite.com\/wp-content\/uploads\/2020\/02\/pose-filet-2.jpg","type":"image\/jpeg"}],"twitter_card":"summary_large_image","twitter_site":"@LmpSecurite","twitter_misc":{"Dur\u00e9e de lecture estim\u00e9e":"2 minutes"},"schema":{"@context":"https:\/\/schema.org","@graph":[{"@type":"WebPage","@id":"https:\/\/www.lmp-securite.com\/","url":"https:\/\/www.lmp-securite.com\/","name":"Accueil site LMP S\u00e9curit\u00e9","isPartOf":{"@id":"https:\/\/www.lmp-securite.com\/#website"},"datePublished":"2019-04-22T11:03:00+00:00","dateModified":"2023-03-31T09:12:04+00:00","description":"Accueil site LMP S\u00e9curit\u00e9 : Filets-de-s\u00e9curit\u00e9, thermob\u00e2chage, fabrication, location, pose, ventes, s\u00e9curisation du travail en hauteur.","breadcrumb":{"@id":"https:\/\/www.lmp-securite.com\/#breadcrumb"},"inLanguage":"fr-FR","potentialAction":[{"@type":"ReadAction","target":["https:\/\/www.lmp-securite.com\/"]}]},{"@type":"BreadcrumbList","@id":"https:\/\/www.lmp-securite.com\/#breadcrumb","itemListElement":[{"@type":"ListItem","position":1,"name":"Accueil","item":"https:\/\/www.lmp-securite.com\/"},{"@type":"ListItem","position":2,"name":"Accueil"}]},{"@type":"WebSite","@id":"https:\/\/www.lmp-securite.com\/#website","url":"https:\/\/www.lmp-securite.com\/","name":"Lmp S\u00e9curit\u00e9","description":"Filets de s\u00e9curit\u00e9","publisher":{"@id":"https:\/\/www.lmp-securite.com\/#organization"},"potentialAction":[{"@type":"SearchAction","target":{"@type":"EntryPoint","urlTemplate":"https:\/\/www.lmp-securite.com\/?s={search_term_string}"},"query-input":"required name=search_term_string"}],"inLanguage":"fr-FR"},{"@type":"Organization","@id":"https:\/\/www.lmp-securite.com\/#organization","name":"LMP S\u00e9curit\u00e9","url":"https:\/\/www.lmp-securite.com\/","logo":{"@type":"ImageObject","inLanguage":"fr-FR","@id":"https:\/\/www.lmp-securite.com\/#\/schema\/logo\/image\/","url":"https:\/\/www.lmp-securite.com\/wp-content\/uploads\/2021\/04\/LMP-modernise-compresse-pour-internet.png","contentUrl":"https:\/\/www.lmp-securite.com\/wp-content\/uploads\/2021\/04\/LMP-modernise-compresse-pour-internet.png","width":6000,"height":4000,"caption":"LMP S\u00e9curit\u00e9"},"image":{"@id":"https:\/\/www.lmp-securite.com\/#\/schema\/logo\/image\/"},"sameAs":["https:\/\/www.facebook.com\/LMPsecurite","https:\/\/twitter.com\/LmpSecurite","https:\/\/www.instagram.com\/lmpsecurite\/","https:\/\/www.linkedin.com\/company\/lmp-s\u00e9curit\u00e9","https:\/\/www.youtube.com\/channel\/UCWk6fDe4a1UJE60gIvAml_w"]}]}},"_links":{"self":[{"href":"https:\/\/www.lmp-securite.com\/index.php?rest_route=\/wp\/v2\/pages\/8"}],"collection":[{"href":"https:\/\/www.lmp-securite.com\/index.php?rest_route=\/wp\/v2\/pages"}],"about":[{"href":"https:\/\/www.lmp-securite.com\/index.php?rest_route=\/wp\/v2\/types\/page"}],"author":[{"embeddable":true,"href":"https:\/\/www.lmp-securite.com\/index.php?rest_route=\/wp\/v2\/users\/1"}],"replies":[{"embeddable":true,"href":"https:\/\/www.lmp-securite.com\/index.php?rest_route=%2Fwp%2Fv2%2Fcomments&post=8"}],"version-history":[{"count":13,"href":"https:\/\/www.lmp-securite.com\/index.php?rest_route=\/wp\/v2\/pages\/8\/revisions"}],"predecessor-version":[{"id":1819,"href":"https:\/\/www.lmp-securite.com\/index.php?rest_route=\/wp\/v2\/pages\/8\/revisions\/1819"}],"wp:featuredmedia":[{"embeddable":true,"href":"https:\/\/www.lmp-securite.com\/index.php?rest_route=\/wp\/v2\/media\/341"}],"wp:attachment":[{"href":"https:\/\/www.lmp-securite.com\/index.php?rest_route=%2Fwp%2Fv2%2Fmedia&parent=8"}],"curies":[{"name":"wp","href":"https:\/\/api.w.org\/{rel}","templated":true}]}}