{"id":19,"date":"2019-04-22T13:22:56","date_gmt":"2019-04-22T11:22:56","guid":{"rendered":"http:\/\/www.lmp-securite.com\/?page_id=19"},"modified":"2023-04-03T13:29:28","modified_gmt":"2023-04-03T11:29:28","slug":"contactez-nous","status":"publish","type":"page","link":"https:\/\/www.lmp-securite.com\/?page_id=19","title":{"rendered":"Contactez-nous"},"content":{"rendered":"\n<div class=\"wpcf7 no-js\" id=\"wpcf7-f195-o1\" lang=\"fr-FR\" dir=\"ltr\">\n<div class=\"screen-reader-response\"><p role=\"status\" aria-live=\"polite\" aria-atomic=\"true\"><\/p> <ul><\/ul><\/div>\n<form action=\"\/index.php?rest_route=%2Fwp%2Fv2%2Fpages%2F19#wpcf7-f195-o1\" method=\"post\" class=\"wpcf7-form init\" aria-label=\"Formulaire de contact\" novalidate=\"novalidate\" data-status=\"init\">\n<div style=\"display: none;\">\n<input type=\"hidden\" name=\"_wpcf7\" value=\"195\" \/>\n<input type=\"hidden\" name=\"_wpcf7_version\" value=\"5.7.5.1\" \/>\n<input type=\"hidden\" name=\"_wpcf7_locale\" value=\"fr_FR\" \/>\n<input type=\"hidden\" name=\"_wpcf7_unit_tag\" value=\"wpcf7-f195-o1\" \/>\n<input type=\"hidden\" name=\"_wpcf7_container_post\" value=\"0\" \/>\n<input type=\"hidden\" name=\"_wpcf7_posted_data_hash\" value=\"\" \/>\n<\/div>\n<div id=\"contact\">\n\t<div class=\"form-row col-md-6 col-sm-6 col-xs-12\">\n\t\t<div class=\"form-group\">\n\t\t\t<p><label for=\"inputNom\"> nom* <\/label><br \/>\n<span class=\"wpcf7-form-control-wrap\" data-name=\"Nom\"><input size=\"40\" minlength=\"3\" class=\"wpcf7-form-control wpcf7-text wpcf7-validates-as-required form-control\" id=\"inputNom\" aria-required=\"true\" aria-invalid=\"false\" placeholder=\"Saisissez votre nom\" value=\"\" type=\"text\" name=\"Nom\" \/><\/span>\n\t\t\t<\/p>\n\t\t<\/div>\n\t\t<div class=\"form-group\">\n\t\t\t<p><label for=\"inputPrenom\"> pr\u00e9nom <\/label><br \/>\n<span class=\"wpcf7-form-control-wrap\" data-name=\"Prenom\"><input size=\"40\" minlength=\"3\" class=\"wpcf7-form-control wpcf7-text form-control\" id=\"inputPrenom\" aria-invalid=\"false\" placeholder=\"Saisissez votre pr\u00e9nom\" value=\"\" type=\"text\" name=\"Prenom\" \/><\/span>\n\t\t\t<\/p>\n\t\t<\/div>\n\t\t<div class=\"form-group\">\n\t\t\t<p><label for=\"inputTel\"> t\u00e9l\u00e9phone <\/label><br \/>\n<span class=\"wpcf7-form-control-wrap\" data-name=\"tel\"><input size=\"40\" class=\"wpcf7-form-control wpcf7-text wpcf7-tel wpcf7-validates-as-tel form-control\" id=\"inputTel\" aria-invalid=\"false\" placeholder=\"Saisissez votre t\u00e9l\u00e9phone\" value=\"\" type=\"tel\" name=\"tel\" \/><\/span>\n\t\t\t<\/p>\n\t\t<\/div>\n\t\t<div class=\"form-group\">\n\t\t\t<p><label for=\"inputEmail\"> email*<\/label><br \/>\n<span class=\"wpcf7-form-control-wrap\" data-name=\"email\"><input size=\"40\" class=\"wpcf7-form-control wpcf7-text wpcf7-email wpcf7-validates-as-required wpcf7-validates-as-email form-control\" id=\"inputEmail\" aria-required=\"true\" aria-invalid=\"false\" placeholder=\"Saisissez un email valide\" value=\"\" type=\"email\" name=\"email\" \/><\/span>\n\t\t\t<\/p>\n\t\t<\/div>\n\t<\/div>\n\t<div class=\"form-row col-md-6 col-sm-6 col-xs-12 \">\n\t\t<div class=\"form-group area\">\n\t\t\t<p><label for=\"area\"> message* <\/label><span class=\"wpcf7-form-control-wrap\" data-name=\"message\"><textarea cols=\"40\" rows=\"10\" class=\"wpcf7-form-control wpcf7-textarea wpcf7-validates-as-required form-control\" id=\"area\" aria-required=\"true\" aria-invalid=\"false\" placeholder=\"Saisissez votre message ici\" name=\"message\"><\/textarea><\/span>\n\t\t\t<\/p>\n\t\t<\/div>\n\t\t<div class=\"g-recaptcha\" data-callback=\"recaptchaCallback\" data-sitekey=\"6Leo_-wZAAAAADuf9MglGQ2zPft0er-Pchssw9LX\">\n\t\t<\/div>\n\t\t<div class=\"form-group\">\n\t\t\t<p><input class=\"wpcf7-form-control has-spinner wpcf7-submit btn\" id=\"envoyer\" type=\"submit\" value=\"Envoyer\" \/>\n\t\t\t<\/p>\n\t\t<\/div>\n\t<\/div>\n<\/div><div class=\"wpcf7-response-output\" aria-hidden=\"true\"><\/div>\n<\/form>\n<\/div>\n\n\n\n\n<p><strong>Contactez-nous<\/strong> : pour tous renseignements, questions techniques et devis, n&rsquo;h\u00e9sitez pas \u00e0 compl\u00e9ter le formulaire ci-joint. <\/p>\n\n\n\n<p>Nous r\u00e9pondons toujours et dans les plus brefs d\u00e9lais.<\/p>\n\n\n\n<p>Quel que soit le contexte, nous nous adaptons \u00e0&nbsp;<strong>toutes les situations<\/strong>&nbsp;et avons des d\u00e9lais de fabrication courts qui permettent une&nbsp;<strong>r\u00e9activit\u00e9<\/strong>&nbsp;et une&nbsp;<strong>efficacit\u00e9 totale d\u2019intervention<\/strong>.<\/p>\n\n\n\n<p><mark style=\"background-color:rgba(0, 0, 0, 0)\" class=\"has-inline-color has-vivid-cyan-blue-color\"><strong>Fabricants de filets de s\u00e9curit\u00e9 : notre c\u0153ur de m\u00e9tier. La protection optimale : notre devoir<\/strong>.<\/mark> <\/p>\n\n\n\n<p><strong>Contactez-nous<\/strong> : des poses de filets les plus complexes aux acc\u00e8s les plus difficiles,&nbsp;LMP S\u00e9curit\u00e9&nbsp;met tout en \u0153uvre pour assurer la protection de vos b\u00e2timents et de vos hommes.<\/p>\n\n\n\n<p>LMP S\u00e9curit\u00e9&nbsp;intervient pour les <a href=\"https:\/\/www.lmp-securite.com\/secteur-geographique-dintervention\/\" target=\"_blank\" rel=\"noreferrer noopener\">b\u00e2timents neufs sur les r\u00e9gions Nouvelle Aquitaine et Midi Pyr\u00e9n\u00e9es et pour les b\u00e2timents en r\u00e9fection sur toute la France<\/a>.<\/p>\n\n\n\n<p>La pose se fait dans le respect de la <a href=\"https:\/\/inforisque.fr\/recherche-legislation-risque\/detail-norme-securite-254-0-nf-en-1263-2-fevrier-2015.html\" target=\"_blank\" rel=\"noreferrer noopener\">norme EN1263-2<\/a> et <a href=\"https:\/\/www.ameli.fr\/sites\/default\/files\/Documents\/31216\/document\/r446.pdf\" target=\"_blank\" rel=\"noreferrer noopener\">recommandation R446<\/a>.<\/p>\n","protected":false},"excerpt":{"rendered":"<p>Contactez-nous : pour tous renseignements, questions techniques et devis, n&rsquo;h\u00e9sitez pas \u00e0 compl\u00e9ter le formulaire ci-joint. Nous r\u00e9pondons toujours et dans les plus brefs d\u00e9lais. Quel que soit le contexte, nous nous adaptons \u00e0&nbsp;toutes les situations&nbsp;et avons des d\u00e9lais de fabrication courts qui permettent une&nbsp;r\u00e9activit\u00e9&nbsp;et une&nbsp;efficacit\u00e9 totale d\u2019intervention. Fabricants de filets de s\u00e9curit\u00e9 : notre [&hellip;]<\/p>\n","protected":false},"author":1,"featured_media":1815,"parent":0,"menu_order":0,"comment_status":"closed","ping_status":"open","template":"page-contactez-nous.php","meta":[],"yoast_head":"<!-- This site is optimized with the Yoast SEO plugin v20.4 - https:\/\/yoast.com\/wordpress\/plugins\/seo\/ -->\n<title>Contactez-nous - Lmp S\u00e9curit\u00e9<\/title>\n<meta name=\"description\" content=\"Contactez-nous pour tous renseignements, questions techniques et devis. Nous r\u00e9pondons toujours et dans les plus brefs d\u00e9lais.\" \/>\n<meta name=\"robots\" content=\"index, follow, max-snippet:-1, max-image-preview:large, max-video-preview:-1\" \/>\n<link rel=\"canonical\" href=\"https:\/\/www.lmp-securite.com\/contactez-nous\/\" \/>\n<meta property=\"og:locale\" content=\"fr_FR\" \/>\n<meta property=\"og:type\" content=\"article\" \/>\n<meta property=\"og:title\" content=\"Contactez-nous - Lmp S\u00e9curit\u00e9\" \/>\n<meta property=\"og:description\" content=\"Contactez-nous pour tous renseignements, questions techniques et devis. Nous r\u00e9pondons toujours et dans les plus brefs d\u00e9lais.\" \/>\n<meta property=\"og:url\" content=\"https:\/\/www.lmp-securite.com\/contactez-nous\/\" \/>\n<meta property=\"og:site_name\" content=\"Lmp S\u00e9curit\u00e9\" \/>\n<meta property=\"article:publisher\" content=\"https:\/\/www.facebook.com\/LMPsecurite\" \/>\n<meta property=\"article:modified_time\" content=\"2023-04-03T11:29:28+00:00\" \/>\n<meta property=\"og:image\" content=\"https:\/\/www.lmp-securite.com\/wp-content\/uploads\/2023\/03\/AdobeStock_372571254-min.jpeg\" \/>\n\t<meta property=\"og:image:width\" content=\"1920\" \/>\n\t<meta property=\"og:image:height\" content=\"1280\" \/>\n\t<meta property=\"og:image:type\" content=\"image\/jpeg\" \/>\n<meta name=\"twitter:card\" content=\"summary_large_image\" \/>\n<meta name=\"twitter:site\" content=\"@LmpSecurite\" \/>\n<meta name=\"twitter:label1\" content=\"Dur\u00e9e de lecture estim\u00e9e\" \/>\n\t<meta name=\"twitter:data1\" content=\"1 minute\" \/>\n<script type=\"application\/ld+json\" class=\"yoast-schema-graph\">{\"@context\":\"https:\/\/schema.org\",\"@graph\":[{\"@type\":\"WebPage\",\"@id\":\"https:\/\/www.lmp-securite.com\/contactez-nous\/\",\"url\":\"https:\/\/www.lmp-securite.com\/contactez-nous\/\",\"name\":\"Contactez-nous - Lmp S\u00e9curit\u00e9\",\"isPartOf\":{\"@id\":\"https:\/\/www.lmp-securite.com\/#website\"},\"datePublished\":\"2019-04-22T11:22:56+00:00\",\"dateModified\":\"2023-04-03T11:29:28+00:00\",\"description\":\"Contactez-nous pour tous renseignements, questions techniques et devis. Nous r\u00e9pondons toujours et dans les plus brefs d\u00e9lais.\",\"breadcrumb\":{\"@id\":\"https:\/\/www.lmp-securite.com\/contactez-nous\/#breadcrumb\"},\"inLanguage\":\"fr-FR\",\"potentialAction\":[{\"@type\":\"ReadAction\",\"target\":[\"https:\/\/www.lmp-securite.com\/contactez-nous\/\"]}]},{\"@type\":\"BreadcrumbList\",\"@id\":\"https:\/\/www.lmp-securite.com\/contactez-nous\/#breadcrumb\",\"itemListElement\":[{\"@type\":\"ListItem\",\"position\":1,\"name\":\"Accueil\",\"item\":\"https:\/\/www.lmp-securite.com\/\"},{\"@type\":\"ListItem\",\"position\":2,\"name\":\"Contactez-nous\"}]},{\"@type\":\"WebSite\",\"@id\":\"https:\/\/www.lmp-securite.com\/#website\",\"url\":\"https:\/\/www.lmp-securite.com\/\",\"name\":\"Lmp S\u00e9curit\u00e9\",\"description\":\"Filets de s\u00e9curit\u00e9\",\"publisher\":{\"@id\":\"https:\/\/www.lmp-securite.com\/#organization\"},\"potentialAction\":[{\"@type\":\"SearchAction\",\"target\":{\"@type\":\"EntryPoint\",\"urlTemplate\":\"https:\/\/www.lmp-securite.com\/?s={search_term_string}\"},\"query-input\":\"required name=search_term_string\"}],\"inLanguage\":\"fr-FR\"},{\"@type\":\"Organization\",\"@id\":\"https:\/\/www.lmp-securite.com\/#organization\",\"name\":\"LMP S\u00e9curit\u00e9\",\"url\":\"https:\/\/www.lmp-securite.com\/\",\"logo\":{\"@type\":\"ImageObject\",\"inLanguage\":\"fr-FR\",\"@id\":\"https:\/\/www.lmp-securite.com\/#\/schema\/logo\/image\/\",\"url\":\"https:\/\/www.lmp-securite.com\/wp-content\/uploads\/2021\/04\/LMP-modernise-compresse-pour-internet.png\",\"contentUrl\":\"https:\/\/www.lmp-securite.com\/wp-content\/uploads\/2021\/04\/LMP-modernise-compresse-pour-internet.png\",\"width\":6000,\"height\":4000,\"caption\":\"LMP S\u00e9curit\u00e9\"},\"image\":{\"@id\":\"https:\/\/www.lmp-securite.com\/#\/schema\/logo\/image\/\"},\"sameAs\":[\"https:\/\/www.facebook.com\/LMPsecurite\",\"https:\/\/twitter.com\/LmpSecurite\",\"https:\/\/www.instagram.com\/lmpsecurite\/\",\"https:\/\/www.linkedin.com\/company\/lmp-s\u00e9curit\u00e9\",\"https:\/\/www.youtube.com\/channel\/UCWk6fDe4a1UJE60gIvAml_w\"]}]}<\/script>\n<!-- \/ Yoast SEO plugin. -->","yoast_head_json":{"title":"Contactez-nous - Lmp S\u00e9curit\u00e9","description":"Contactez-nous pour tous renseignements, questions techniques et devis. Nous r\u00e9pondons toujours et dans les plus brefs d\u00e9lais.","robots":{"index":"index","follow":"follow","max-snippet":"max-snippet:-1","max-image-preview":"max-image-preview:large","max-video-preview":"max-video-preview:-1"},"canonical":"https:\/\/www.lmp-securite.com\/contactez-nous\/","og_locale":"fr_FR","og_type":"article","og_title":"Contactez-nous - Lmp S\u00e9curit\u00e9","og_description":"Contactez-nous pour tous renseignements, questions techniques et devis. Nous r\u00e9pondons toujours et dans les plus brefs d\u00e9lais.","og_url":"https:\/\/www.lmp-securite.com\/contactez-nous\/","og_site_name":"Lmp S\u00e9curit\u00e9","article_publisher":"https:\/\/www.facebook.com\/LMPsecurite","article_modified_time":"2023-04-03T11:29:28+00:00","og_image":[{"width":1920,"height":1280,"url":"https:\/\/www.lmp-securite.com\/wp-content\/uploads\/2023\/03\/AdobeStock_372571254-min.jpeg","type":"image\/jpeg"}],"twitter_card":"summary_large_image","twitter_site":"@LmpSecurite","twitter_misc":{"Dur\u00e9e de lecture estim\u00e9e":"1 minute"},"schema":{"@context":"https:\/\/schema.org","@graph":[{"@type":"WebPage","@id":"https:\/\/www.lmp-securite.com\/contactez-nous\/","url":"https:\/\/www.lmp-securite.com\/contactez-nous\/","name":"Contactez-nous - Lmp S\u00e9curit\u00e9","isPartOf":{"@id":"https:\/\/www.lmp-securite.com\/#website"},"datePublished":"2019-04-22T11:22:56+00:00","dateModified":"2023-04-03T11:29:28+00:00","description":"Contactez-nous pour tous renseignements, questions techniques et devis. Nous r\u00e9pondons toujours et dans les plus brefs d\u00e9lais.","breadcrumb":{"@id":"https:\/\/www.lmp-securite.com\/contactez-nous\/#breadcrumb"},"inLanguage":"fr-FR","potentialAction":[{"@type":"ReadAction","target":["https:\/\/www.lmp-securite.com\/contactez-nous\/"]}]},{"@type":"BreadcrumbList","@id":"https:\/\/www.lmp-securite.com\/contactez-nous\/#breadcrumb","itemListElement":[{"@type":"ListItem","position":1,"name":"Accueil","item":"https:\/\/www.lmp-securite.com\/"},{"@type":"ListItem","position":2,"name":"Contactez-nous"}]},{"@type":"WebSite","@id":"https:\/\/www.lmp-securite.com\/#website","url":"https:\/\/www.lmp-securite.com\/","name":"Lmp S\u00e9curit\u00e9","description":"Filets de s\u00e9curit\u00e9","publisher":{"@id":"https:\/\/www.lmp-securite.com\/#organization"},"potentialAction":[{"@type":"SearchAction","target":{"@type":"EntryPoint","urlTemplate":"https:\/\/www.lmp-securite.com\/?s={search_term_string}"},"query-input":"required name=search_term_string"}],"inLanguage":"fr-FR"},{"@type":"Organization","@id":"https:\/\/www.lmp-securite.com\/#organization","name":"LMP S\u00e9curit\u00e9","url":"https:\/\/www.lmp-securite.com\/","logo":{"@type":"ImageObject","inLanguage":"fr-FR","@id":"https:\/\/www.lmp-securite.com\/#\/schema\/logo\/image\/","url":"https:\/\/www.lmp-securite.com\/wp-content\/uploads\/2021\/04\/LMP-modernise-compresse-pour-internet.png","contentUrl":"https:\/\/www.lmp-securite.com\/wp-content\/uploads\/2021\/04\/LMP-modernise-compresse-pour-internet.png","width":6000,"height":4000,"caption":"LMP S\u00e9curit\u00e9"},"image":{"@id":"https:\/\/www.lmp-securite.com\/#\/schema\/logo\/image\/"},"sameAs":["https:\/\/www.facebook.com\/LMPsecurite","https:\/\/twitter.com\/LmpSecurite","https:\/\/www.instagram.com\/lmpsecurite\/","https:\/\/www.linkedin.com\/company\/lmp-s\u00e9curit\u00e9","https:\/\/www.youtube.com\/channel\/UCWk6fDe4a1UJE60gIvAml_w"]}]}},"_links":{"self":[{"href":"https:\/\/www.lmp-securite.com\/index.php?rest_route=\/wp\/v2\/pages\/19"}],"collection":[{"href":"https:\/\/www.lmp-securite.com\/index.php?rest_route=\/wp\/v2\/pages"}],"about":[{"href":"https:\/\/www.lmp-securite.com\/index.php?rest_route=\/wp\/v2\/types\/page"}],"author":[{"embeddable":true,"href":"https:\/\/www.lmp-securite.com\/index.php?rest_route=\/wp\/v2\/users\/1"}],"replies":[{"embeddable":true,"href":"https:\/\/www.lmp-securite.com\/index.php?rest_route=%2Fwp%2Fv2%2Fcomments&post=19"}],"version-history":[{"count":7,"href":"https:\/\/www.lmp-securite.com\/index.php?rest_route=\/wp\/v2\/pages\/19\/revisions"}],"predecessor-version":[{"id":1940,"href":"https:\/\/www.lmp-securite.com\/index.php?rest_route=\/wp\/v2\/pages\/19\/revisions\/1940"}],"wp:featuredmedia":[{"embeddable":true,"href":"https:\/\/www.lmp-securite.com\/index.php?rest_route=\/wp\/v2\/media\/1815"}],"wp:attachment":[{"href":"https:\/\/www.lmp-securite.com\/index.php?rest_route=%2Fwp%2Fv2%2Fmedia&parent=19"}],"curies":[{"name":"wp","href":"https:\/\/api.w.org\/{rel}","templated":true}]}}